{"id":10,"date":"2024-09-20T20:05:38","date_gmt":"2024-09-20T18:05:38","guid":{"rendered":"https:\/\/vanthevenin.fr\/?page_id=10"},"modified":"2025-02-14T14:23:04","modified_gmt":"2025-02-14T13:23:04","slug":"votre-projet","status":"publish","type":"page","link":"https:\/\/vanthevenin.fr\/index.php\/votre-projet\/","title":{"rendered":"Projet"},"content":{"rendered":"\n<h3 class=\"wp-block-heading\">Un accompagnement personnalis\u00e9 pour votre van am\u00e9nag\u00e9<\/h3>\n\n\n\n<p>Chaque projet d\u2019am\u00e9nagement est unique, et je suis l\u00e0 pour vous accompagner \u00e0 chaque \u00e9tape. Que vous cherchiez une solution abordable ou un am\u00e9nagement sur mesure, je mets tout en \u0153uvre pour cr\u00e9er un espace qui vous ressemble, tout en respectant votre budget.<\/p>\n\n\n\n<figure class=\"wp-block-image size-large\"><img loading=\"lazy\" decoding=\"async\" width=\"1024\" height=\"682\" src=\"https:\/\/vanthevenin.fr\/wp-content\/uploads\/2024\/09\/van-4862374_1280-1024x682.jpg\" alt=\"\" class=\"wp-image-57\" srcset=\"https:\/\/vanthevenin.fr\/wp-content\/uploads\/2024\/09\/van-4862374_1280-1024x682.jpg 1024w, https:\/\/vanthevenin.fr\/wp-content\/uploads\/2024\/09\/van-4862374_1280-300x200.jpg 300w, https:\/\/vanthevenin.fr\/wp-content\/uploads\/2024\/09\/van-4862374_1280-768x512.jpg 768w, https:\/\/vanthevenin.fr\/wp-content\/uploads\/2024\/09\/van-4862374_1280.jpg 1280w\" sizes=\"auto, (max-width: 1024px) 100vw, 1024px\" \/><\/figure>\n\n\n\n<h3 class=\"wp-block-heading\">Une \u00e9tude compl\u00e8te de votre projet<\/h3>\n\n\n\n<p>D\u00e8s notre premier contact, j\u2019analyse votre projet dans sa globalit\u00e9. Je prends le temps de comprendre vos envies, vos besoins en \u00e9quipements et les sp\u00e9cificit\u00e9s techniques de votre v\u00e9hicule. Gr\u00e2ce \u00e0 cette approche personnalis\u00e9e, votre am\u00e9nagement est optimis\u00e9 pour un usage ponctuel ou une vie en van \u00e0 temps plein.<\/p>\n\n\n\n<p>Je vous conseille dans le choix des mat\u00e9riaux, des \u00e9quipements (\u00e9lectricit\u00e9, cuisine, couchage, etc.) et dans l\u2019optimisation de l\u2019espace afin de garantir un confort maximal, m\u00eame dans les petits volumes.<\/p>\n\n\n\n<h3 class=\"wp-block-heading\">Des solutions accessibles pour une vanlife \u00e0 petit prix<\/h3>\n\n\n\n<p>Je crois que la vanlife doit \u00eatre accessible \u00e0 tous. C\u2019est pourquoi je propose des solutions adapt\u00e9es aux budgets plus serr\u00e9s, sans compromettre la qualit\u00e9 ou le confort. Gr\u00e2ce \u00e0 mon savoir-faire et \u00e0 une s\u00e9lection rigoureuse de mat\u00e9riaux et d\u2019\u00e9quipements abordables, j\u2019am\u00e9nage des vans fonctionnels et \u00e9conomiques. Avec moi, votre r\u00eave de van am\u00e9nag\u00e9 devient une r\u00e9alit\u00e9, sans exploser votre budget.<\/p>\n\n\n\n<h3 class=\"wp-block-heading\">Un am\u00e9nagement sur-mesure pour des projets plus techniques<\/h3>\n\n\n\n<p>Si votre projet est plus complexe, je suis \u00e9galement en mesure de relever le d\u00e9fi. Que ce soit pour un v\u00e9hicule sp\u00e9cifique, une gestion \u00e9nerg\u00e9tique avanc\u00e9e (panneaux solaires, batteries lithium) ou une isolation performante (projection de li\u00e8ge, mat\u00e9riaux biosourc\u00e9s), je mets tout en \u0153uvre pour r\u00e9pondre \u00e0 vos exigences avec pr\u00e9cision et soin.<\/p>\n\n\n\n<h3 class=\"wp-block-heading\">Un suivi personnalis\u00e9 tout au long du projet<\/h3>\n\n\n\n<p>Mon accompagnement ne s\u2019arr\u00eate pas \u00e0 la conception et \u00e0 l\u2019am\u00e9nagement de votre van. Je vous tiens inform\u00e9 de chaque \u00e9tape, depuis la premi\u00e8re prise de contact jusqu\u2019\u00e0 la livraison finale. Apr\u00e8s la remise de votre v\u00e9hicule, je reste disponible pour toute question ou ajustement \u00e9ventuel.<\/p>\n\n\n\n<h3 class=\"wp-block-heading\">Discutons de votre projet<\/h3>\n\n\n\n<p>Votre projet m\u00e9rite une approche unique et personnalis\u00e9e. Contactez-moi d\u00e8s aujourd\u2019hui pour en discuter et ensemble, transformons votre van en un espace de vie sur mesure, pratique et optimis\u00e9 pour vos aventures !<\/p>\n\n\n\n<p><\/p>\n","protected":false},"excerpt":{"rendered":"<p>Un accompagnement personnalis\u00e9 pour votre van am\u00e9nag\u00e9 Chaque projet d\u2019am\u00e9nagement est unique, et je suis l\u00e0 pour vous accompagner \u00e0 chaque \u00e9tape. Que vous cherchiez une solution abordable ou un am\u00e9nagement sur mesure, je mets tout en \u0153uvre pour cr\u00e9er <a class=\"more-link\" href=\"https:\/\/vanthevenin.fr\/index.php\/votre-projet\/\">Continue reading <span class=\"screen-reader-text\">  Projet<\/span><span class=\"meta-nav\">&rarr;<\/span><\/a><\/p>\n","protected":false},"author":1,"featured_media":0,"parent":0,"menu_order":0,"comment_status":"closed","ping_status":"closed","template":"","meta":{"footnotes":""},"class_list":["post-10","page","type-page","status-publish","hentry"],"_links":{"self":[{"href":"https:\/\/vanthevenin.fr\/index.php\/wp-json\/wp\/v2\/pages\/10","targetHints":{"allow":["GET"]}}],"collection":[{"href":"https:\/\/vanthevenin.fr\/index.php\/wp-json\/wp\/v2\/pages"}],"about":[{"href":"https:\/\/vanthevenin.fr\/index.php\/wp-json\/wp\/v2\/types\/page"}],"author":[{"embeddable":true,"href":"https:\/\/vanthevenin.fr\/index.php\/wp-json\/wp\/v2\/users\/1"}],"replies":[{"embeddable":true,"href":"https:\/\/vanthevenin.fr\/index.php\/wp-json\/wp\/v2\/comments?post=10"}],"version-history":[{"count":7,"href":"https:\/\/vanthevenin.fr\/index.php\/wp-json\/wp\/v2\/pages\/10\/revisions"}],"predecessor-version":[{"id":70,"href":"https:\/\/vanthevenin.fr\/index.php\/wp-json\/wp\/v2\/pages\/10\/revisions\/70"}],"wp:attachment":[{"href":"https:\/\/vanthevenin.fr\/index.php\/wp-json\/wp\/v2\/media?parent=10"}],"curies":[{"name":"wp","href":"https:\/\/api.w.org\/{rel}","templated":true}]}}